
7
Calculate the remainder when 265322 is divided by 9782.
1208
What is the remainder when 243465 is divided by 6187?
2172
What is the remainder when 1061821 is divided by 2571?
2569
What is the remainder when 5660698 is divided by 514?
16
Calculate the remainder when 864816553 is divided by 3767.
3761
What is the remainder when 17182216 is divided by 381827?
1
What is the remainder when 189077 is divided by 5252?
5
Calculate the remainder when 99237 is divided by 45099.
9039
What is the remainder when 3020426 is divided by 2551?
42
What is the remainder when 149063014 is divided by 3?
1
Calculate the remainder when 204234 is divided by 1064.
1010
What is the remainder when 9912181 is divided by 18?
13
Calculate the remainder when 117861938 is divided by 20.
18
Calculate the remainder when 1382672 is divided by 76815.
2
What is the remainder when 118554 is divided by 950?
754
What is the remainder when 2298538 is divided by 629?
172
What is the remainder when 2280939 is divided by 515?
4
What is the remainder when 832478 is divided by 20304?
14
What is the remainder when 70776 is divided by 70644?
132
Calculate the remainder when 1933687 is divided by 214.
197
What is the remainder when 945679 is divided by 236214?
823
What is the remainder when 997349 is divided by 607?
48
What is the remainder when 5306422 is divided by 1768800?
22
Calculate the remainder when 16717548 is divided by 2329.
2315
What is the remainder when 58104824 is divided by 586?
580
What is the remainder when 109173 is divided by 6?
3
What is the remainder when 678585 is divided by 2764?
1405
Calculate the remainder when 3066 is divided by 721.
182
What is the remainder when 512954 is divided by 32036?
378
Calculate the remainder when 28427484 is divided by 1127.
36
Calculate the remainder when 6870863 is divided by 4859.
237
What is the remainder when 8549204 is divided by 13?
1
What is the remainder when 1926956 is divided by 4340?
4336
What is the remainder when 6656743 is divided by 950?
93
Calculate the remainder when 25036617 is divided by 106994.
21
Calculate the remainder when 14472617 is divided by 16.
9
What is the remainder when 58109211 is divided by 1042?
1039
Calculate the remainder when 37208 is divided by 17.
12
Calculate the remainder when 85476 is divided by 41826.
1824
What is the remainder when 2609831 is divided by 12669?
17
Calculate the remainder when 25620176 is divided by 85.
71
Calculate the remainder when 206892461 is divided by 195.
191
Calculate the remainder when 688077 is divided by 4057.
2444
What is the remainder when 115173685 is divided by 197?
196
What is the remainder when 22079595 is divided by 2156?
2155
What is the remainder when 970630 is divided by 282?
268
Calculate the remainder when 2828094 is divided by 706968.
222
Calculate the remainder when 51989615 is divided by 20.
15
What is the remainder when 462615 is divided by 17791?
49
What is the remainder when 28466679 is divided by 155?
154
Calculate the remainder when 9836067 is divided by 234192.
3
What is the remainder when 138631 is divided by 69312?
7
Calculate the remainder when 2038606 is divided by 13.
11
Calculate the remainder when 362038 is divided by 30135.
418
Calculate the remainder when 405121 is divided by 6429.
94
Calculate the remainder when 5738386 is divided by 458.
104
What is the remainder when 3485973 is divided by 404?
261
What is the remainder when 81409 is divided by 77710?
3699
Calculate the remainder when 3215595 is divided by 34952.
11
What is the remainder when 503763 is divided by 167909?
36
Calculate the remainder when 48223892 is divided by 25.
17
What is the remainder when 421702702 is divided by 144?
142
Calculate the remainder when 11680204 is divided by 5302.
5200
What is the remainder when 191034 is divided by 47359?
1598
What is the remainder when 36102595 is divided by 6861?
13
What is the remainder when 4332423 is divided by 58?
55
Calculate the remainder when 9999636 is divided by 11299.
21
Calculate the remainder when 331232 is divided by 293.
142
What is the remainder when 9480881 is divided by 4740431?
19
Calculate the remainder when 2081738 is divided by 136.
122
What is the remainder when 162275 is divided by 2535?
35
Calculate the remainder when 652201 is divided by 171.
7
What is the remainder when 20182 is divided by 2541?
2395
What is the remainder when 229637 is divided by 4028?
41
Calculate the remainder when 10476601 is divided by 264.
25
Calculate the remainder when 318941 is divided by 672.
413
Calculate the remainder when 3978652 is divided by 1326215.
7
Calculate the remainder when 69081 is divided by 8427.
1665
Calculate the remainder when 62758 is divided by 389.
129
What is the remainder when 826101 is divided by 198?
45
Calculate the remainder when 60585886 is divided by 7853.
7844
Calculate the remainder when 35039 is divided by 4975.
214
Calculate the remainder when 1215073 is divided by 75.
73
Calculate the remainder when 7912972 is divided by 38980.
32
What is the remainder when 265644 is divided by 440?
324
What is the remainder when 37459 is divided by 33672?
3787
What is the remainder when 292813 is divided by 1408?
1357
Calculate the remainder when 39073112 is divided by 9.
8
Calculate the remainder when 38024 is divided by 9485.
84
What is the remainder when 1125087 is divided by 597?
339
Calculate the remainder when 2721900 is divided by 393.
375
Calculate the remainder when 36458 is divided by 11834.
956
Calculate the remainder when 12018832 is divided by 6722.
6618
What is the remainder when 15198 is divided by 698?
540
Calculate the remainder when 1150674419 is divided by 14.
13
What is the remainder when 35978465 is divided by 53?
51
Calculate the remainder when 913035 is divided by 106.
57
Calculate the remainder when 280929 is divided by 92384.
3777
What is the remainder when 982556 is divided by 890?
886
What is the remainder when 26831 is divided by 13045?
741
What is the remainder when 30510794 is divided by 67?
66
Calculate the remainder when 1651337 is divided by 206400.
137
Calculate the remainder when 92775092 is divided by 307.
306
What is the remainder when 848267715 is divided by 13?
9
Calculate the remainder when 104170 is divided by 1386.
220
Calculate the remainder when 9320138 is divided by 113660.
18
Calculate the remainder when 544926 is divided by 626.
306
What is the remainder when 1002952 is divided by 501468?
16
What is the remainder when 810936 is divided by 270307?
15
Calculate the remainder when 1425119 is divided by 16.
15
Calculate the remainder when 15763 is divided by 67.
18
What is the remainder when 317812860 is divided by 1159?
1152
Calculate the remainder when 113472 is divided by 89.
86
What is the remainder when 4485260 is divided by 2242626?
8
What is the remainder when 576385598 is divided by 5936?
5934
What is the remainder when 1959202 is divided by 75353?
24
What is the remainder when 68505 is divided by 38?
29
Calculate the remainder when 7232762 is divided by 8304.
8282
Calculate the remainder when 53081240 is divided by 692.
688
Calculate the remainder when 1091241 is divided by 3165.
2481
What is the remainder when 164654158 is divided by 453?
436
What is the remainder when 393317 is divided by 19645?
417
Calculate the remainder when 83618783 is divided by 68.
67
What is the remainder when 9326281 is divided by 410?
11
Calculate the remainder when 5041665 is divided by 14446.
11
What is the remainder when 204182 is divided by 2814?
1574
Calculate the remainder when 13132 is divided by 531.
388
Calculate the remainder when 122566 is divided by 23699.
4071
What is the remainder when 170485 is divided by 2812?
1765
What is the remainder when 6565827 is divided by 2895?
2862
Calculate the remainder when 8879863 is divided by 2032.
23
What is the remainder when 22409386 is divided by 142?
82
Calculate the remainder when 206233 is divided by 103112.
9
What is the remainder when 112445982 is divided by 14?
12
Calculate the remainder when 2544353 is divided by 37972.
229
Calculate the remainder when 397380 is divided by 1422.
642
What is the remainder when 28920779 is divided by 951?
869
What is the remainder when 387299 is divided by 401?
334
What is the remainder 